{"id":18,"date":"2020-06-18T10:27:24","date_gmt":"2020-06-18T08:27:24","guid":{"rendered":"http:\/\/expo-saintexupery.com\/?page_id=18"},"modified":"2023-01-30T10:22:33","modified_gmt":"2023-01-30T09:22:33","slug":"home","status":"publish","type":"page","link":"https:\/\/www.museuro.eu\/en\/","title":{"rendered":"Home"},"content":{"rendered":"<div data-elementor-type=\"wp-page\" data-elementor-id=\"18\" class=\"elementor elementor-18\">\n\t\t\t\t\t\t<section class=\"elementor-section elementor-top-section elementor-element elementor-element-84f6c2f elementor-section-full_width elementor-hidden-tablet elementor-hidden-mobile elementor-section-height-default elementor-section-height-default\" data-id=\"84f6c2f\" data-element_type=\"section\">\n\t\t\t\t\t\t<div class=\"elementor-container elementor-column-gap-default\">\n\t\t\t\t\t<div class=\"elementor-column elementor-col-100 elementor-top-column elementor-element elementor-element-9865ac6\" data-id=\"9865ac6\" data-element_type=\"column\">\n\t\t\t<div class=\"elementor-widget-wrap elementor-element-populated\">\n\t\t\t\t\t\t<div class=\"elementor-element elementor-element-7ea16fb elementor-widget elementor-widget-text-editor\" data-id=\"7ea16fb\" data-element_type=\"widget\" data-widget_type=\"text-editor.default\">\n\t\t\t\t<div class=\"elementor-widget-container\">\n\t\t\t\t\t\t\t<div><div><\/div><\/div>\t\t\t\t\t\t<\/div>\n\t\t\t\t<\/div>\n\t\t\t\t\t<\/div>\n\t\t<\/div>\n\t\t\t\t\t<\/div>\n\t\t<\/section>\n\t\t\t\t<section class=\"elementor-section elementor-top-section elementor-element elementor-element-3a60b03 elementor-section-height-min-height elementor-hidden-desktop elementor-section-boxed elementor-section-height-default elementor-section-items-middle\" data-id=\"3a60b03\" data-element_type=\"section\">\n\t\t\t\t\t\t<div class=\"elementor-container elementor-column-gap-default\">\n\t\t\t\t\t<div class=\"elementor-column elementor-col-100 elementor-top-column elementor-element elementor-element-54f3186\" data-id=\"54f3186\" data-element_type=\"column\">\n\t\t\t<div class=\"elementor-widget-wrap elementor-element-populated\">\n\t\t\t\t\t\t<div class=\"elementor-element elementor-element-ce0db65 elementor-widget elementor-widget-text-editor\" data-id=\"ce0db65\" data-element_type=\"widget\" data-widget_type=\"text-editor.default\">\n\t\t\t\t<div class=\"elementor-widget-container\">\n\t\t\t\t\t\t\t<div><div><\/div><\/div>\t\t\t\t\t\t<\/div>\n\t\t\t\t<\/div>\n\t\t\t\t\t<\/div>\n\t\t<\/div>\n\t\t\t\t\t<\/div>\n\t\t<\/section>\n\t\t\t\t<\/div>","protected":false},"excerpt":{"rendered":"","protected":false},"author":3,"featured_media":2954,"parent":0,"menu_order":0,"comment_status":"closed","ping_status":"closed","template":"page-templates\/template-pagebuilder-full-width.php","meta":{"neve_meta_sidebar":"","neve_meta_container":"","neve_meta_enable_content_width":"off","neve_meta_content_width":100,"neve_meta_title_alignment":"","neve_meta_author_avatar":"","neve_post_elements_order":"","neve_meta_disable_header":"","neve_meta_disable_footer":"","neve_meta_disable_title":"","footnotes":""},"class_list":["post-18","page","type-page","status-publish","has-post-thumbnail","hentry"],"yoast_head":"<!-- This site is optimized with the Yoast SEO plugin v24.0 - https:\/\/yoast.com\/wordpress\/plugins\/seo\/ -->\n<title>Mus\u00e9e de L&#039;Europe - Accueil<\/title>\n<meta name=\"description\" content=\"Fond\u00e9 sur l\u2019interdisciplinarit\u00e9 et l\u2019europ\u00e9anit\u00e9, le Mus\u00e9e de l\u2019Europe retrace les diff\u00e9rents h\u00e9ritages et voisinages d\u2019une Europe maintenant unifi\u00e9e, mais qui n\u2019a cess\u00e9 de vivre tout au long de son histoire des p\u00e9riodes d\u2019int\u00e9gration et de rupture.\" \/>\n<meta name=\"robots\" content=\"index, follow, max-snippet:-1, max-image-preview:large, max-video-preview:-1\" \/>\n<link rel=\"canonical\" href=\"https:\/\/www.museuro.eu\/en\/\" \/>\n<meta property=\"og:locale\" content=\"en_GB\" \/>\n<meta property=\"og:type\" content=\"article\" \/>\n<meta property=\"og:title\" content=\"Mus\u00e9e de L&#039;Europe - Accueil\" \/>\n<meta property=\"og:description\" content=\"Fond\u00e9 sur l\u2019interdisciplinarit\u00e9 et l\u2019europ\u00e9anit\u00e9, le Mus\u00e9e de l\u2019Europe retrace les diff\u00e9rents h\u00e9ritages et voisinages d\u2019une Europe maintenant unifi\u00e9e, mais qui n\u2019a cess\u00e9 de vivre tout au long de son histoire des p\u00e9riodes d\u2019int\u00e9gration et de rupture.\" \/>\n<meta property=\"og:url\" content=\"https:\/\/www.museuro.eu\/en\/\" \/>\n<meta property=\"og:site_name\" content=\"Mus\u00e9e de L&#039;Europe\" \/>\n<meta property=\"article:modified_time\" content=\"2023-01-30T09:22:33+00:00\" \/>\n<meta property=\"og:image\" content=\"https:\/\/www.museuro.eu\/wp-content\/uploads\/2020\/09\/MUseeEurope_bleu2-1.png\" \/>\n\t<meta property=\"og:image:width\" content=\"110\" \/>\n\t<meta property=\"og:image:height\" content=\"85\" \/>\n\t<meta property=\"og:image:type\" content=\"image\/png\" \/>\n<meta name=\"twitter:card\" content=\"summary_large_image\" \/>\n<meta name=\"twitter:label1\" content=\"Estimated reading time\" \/>\n\t<meta name=\"twitter:data1\" content=\"1 minute\" \/>\n<script type=\"application\/ld+json\" class=\"yoast-schema-graph\">{\"@context\":\"https:\/\/schema.org\",\"@graph\":[{\"@type\":\"WebPage\",\"@id\":\"https:\/\/www.museuro.eu\/\",\"url\":\"https:\/\/www.museuro.eu\/\",\"name\":\"Mus\u00e9e de L&#039;Europe - Accueil\",\"isPartOf\":{\"@id\":\"https:\/\/www.museuro.eu\/#website\"},\"primaryImageOfPage\":{\"@id\":\"https:\/\/www.museuro.eu\/#primaryimage\"},\"image\":{\"@id\":\"https:\/\/www.museuro.eu\/#primaryimage\"},\"thumbnailUrl\":\"https:\/\/www.museuro.eu\/wp-content\/uploads\/2020\/09\/MUseeEurope_bleu2-1.png\",\"datePublished\":\"2020-06-18T08:27:24+00:00\",\"dateModified\":\"2023-01-30T09:22:33+00:00\",\"description\":\"Fond\u00e9 sur l\u2019interdisciplinarit\u00e9 et l\u2019europ\u00e9anit\u00e9, le Mus\u00e9e de l\u2019Europe retrace les diff\u00e9rents h\u00e9ritages et voisinages d\u2019une Europe maintenant unifi\u00e9e, mais qui n\u2019a cess\u00e9 de vivre tout au long de son histoire des p\u00e9riodes d\u2019int\u00e9gration et de rupture.\",\"breadcrumb\":{\"@id\":\"https:\/\/www.museuro.eu\/#breadcrumb\"},\"inLanguage\":\"en-GB\",\"potentialAction\":[{\"@type\":\"ReadAction\",\"target\":[\"https:\/\/www.museuro.eu\/\"]}]},{\"@type\":\"ImageObject\",\"inLanguage\":\"en-GB\",\"@id\":\"https:\/\/www.museuro.eu\/#primaryimage\",\"url\":\"https:\/\/www.museuro.eu\/wp-content\/uploads\/2020\/09\/MUseeEurope_bleu2-1.png\",\"contentUrl\":\"https:\/\/www.museuro.eu\/wp-content\/uploads\/2020\/09\/MUseeEurope_bleu2-1.png\",\"width\":110,\"height\":85},{\"@type\":\"BreadcrumbList\",\"@id\":\"https:\/\/www.museuro.eu\/#breadcrumb\",\"itemListElement\":[{\"@type\":\"ListItem\",\"position\":1,\"name\":\"Accueil\",\"item\":\"https:\/\/www.museuro.eu\/\"},{\"@type\":\"ListItem\",\"position\":2,\"name\":\"Accueil\"}]},{\"@type\":\"WebSite\",\"@id\":\"https:\/\/www.museuro.eu\/#website\",\"url\":\"https:\/\/www.museuro.eu\/\",\"name\":\"Mus\u00e9e de L&#039;Europe\",\"description\":\"Dans l&#039;attente d&#039;un nouveau projet\",\"publisher\":{\"@id\":\"https:\/\/www.museuro.eu\/#organization\"},\"potentialAction\":[{\"@type\":\"SearchAction\",\"target\":{\"@type\":\"EntryPoint\",\"urlTemplate\":\"https:\/\/www.museuro.eu\/?s={search_term_string}\"},\"query-input\":{\"@type\":\"PropertyValueSpecification\",\"valueRequired\":true,\"valueName\":\"search_term_string\"}}],\"inLanguage\":\"en-GB\"},{\"@type\":\"Organization\",\"@id\":\"https:\/\/www.museuro.eu\/#organization\",\"name\":\"Mus\u00e9e de L&#039;Europe\",\"url\":\"https:\/\/www.museuro.eu\/\",\"logo\":{\"@type\":\"ImageObject\",\"inLanguage\":\"en-GB\",\"@id\":\"https:\/\/www.museuro.eu\/#\/schema\/logo\/image\/\",\"url\":\"https:\/\/www.museuro.eu\/wp-content\/uploads\/2020\/06\/LOGO-TEMPORA_BLANC_23.02.2016.png\",\"contentUrl\":\"https:\/\/www.museuro.eu\/wp-content\/uploads\/2020\/06\/LOGO-TEMPORA_BLANC_23.02.2016.png\",\"width\":599,\"height\":188,\"caption\":\"Mus\u00e9e de L&#039;Europe\"},\"image\":{\"@id\":\"https:\/\/www.museuro.eu\/#\/schema\/logo\/image\/\"}}]}<\/script>\n<!-- \/ Yoast SEO plugin. -->","yoast_head_json":{"title":"Mus\u00e9e de L&#039;Europe - Accueil","description":"Fond\u00e9 sur l\u2019interdisciplinarit\u00e9 et l\u2019europ\u00e9anit\u00e9, le Mus\u00e9e de l\u2019Europe retrace les diff\u00e9rents h\u00e9ritages et voisinages d\u2019une Europe maintenant unifi\u00e9e, mais qui n\u2019a cess\u00e9 de vivre tout au long de son histoire des p\u00e9riodes d\u2019int\u00e9gration et de rupture.","robots":{"index":"index","follow":"follow","max-snippet":"max-snippet:-1","max-image-preview":"max-image-preview:large","max-video-preview":"max-video-preview:-1"},"canonical":"https:\/\/www.museuro.eu\/en\/","og_locale":"en_GB","og_type":"article","og_title":"Mus\u00e9e de L&#039;Europe - Accueil","og_description":"Fond\u00e9 sur l\u2019interdisciplinarit\u00e9 et l\u2019europ\u00e9anit\u00e9, le Mus\u00e9e de l\u2019Europe retrace les diff\u00e9rents h\u00e9ritages et voisinages d\u2019une Europe maintenant unifi\u00e9e, mais qui n\u2019a cess\u00e9 de vivre tout au long de son histoire des p\u00e9riodes d\u2019int\u00e9gration et de rupture.","og_url":"https:\/\/www.museuro.eu\/en\/","og_site_name":"Mus\u00e9e de L&#039;Europe","article_modified_time":"2023-01-30T09:22:33+00:00","og_image":[{"width":110,"height":85,"url":"https:\/\/www.museuro.eu\/wp-content\/uploads\/2020\/09\/MUseeEurope_bleu2-1.png","type":"image\/png"}],"twitter_card":"summary_large_image","twitter_misc":{"Estimated reading time":"1 minute"},"schema":{"@context":"https:\/\/schema.org","@graph":[{"@type":"WebPage","@id":"https:\/\/www.museuro.eu\/","url":"https:\/\/www.museuro.eu\/","name":"Mus\u00e9e de L&#039;Europe - Accueil","isPartOf":{"@id":"https:\/\/www.museuro.eu\/#website"},"primaryImageOfPage":{"@id":"https:\/\/www.museuro.eu\/#primaryimage"},"image":{"@id":"https:\/\/www.museuro.eu\/#primaryimage"},"thumbnailUrl":"https:\/\/www.museuro.eu\/wp-content\/uploads\/2020\/09\/MUseeEurope_bleu2-1.png","datePublished":"2020-06-18T08:27:24+00:00","dateModified":"2023-01-30T09:22:33+00:00","description":"Fond\u00e9 sur l\u2019interdisciplinarit\u00e9 et l\u2019europ\u00e9anit\u00e9, le Mus\u00e9e de l\u2019Europe retrace les diff\u00e9rents h\u00e9ritages et voisinages d\u2019une Europe maintenant unifi\u00e9e, mais qui n\u2019a cess\u00e9 de vivre tout au long de son histoire des p\u00e9riodes d\u2019int\u00e9gration et de rupture.","breadcrumb":{"@id":"https:\/\/www.museuro.eu\/#breadcrumb"},"inLanguage":"en-GB","potentialAction":[{"@type":"ReadAction","target":["https:\/\/www.museuro.eu\/"]}]},{"@type":"ImageObject","inLanguage":"en-GB","@id":"https:\/\/www.museuro.eu\/#primaryimage","url":"https:\/\/www.museuro.eu\/wp-content\/uploads\/2020\/09\/MUseeEurope_bleu2-1.png","contentUrl":"https:\/\/www.museuro.eu\/wp-content\/uploads\/2020\/09\/MUseeEurope_bleu2-1.png","width":110,"height":85},{"@type":"BreadcrumbList","@id":"https:\/\/www.museuro.eu\/#breadcrumb","itemListElement":[{"@type":"ListItem","position":1,"name":"Accueil","item":"https:\/\/www.museuro.eu\/"},{"@type":"ListItem","position":2,"name":"Accueil"}]},{"@type":"WebSite","@id":"https:\/\/www.museuro.eu\/#website","url":"https:\/\/www.museuro.eu\/","name":"Mus\u00e9e de L&#039;Europe","description":"Dans l&#039;attente d&#039;un nouveau projet","publisher":{"@id":"https:\/\/www.museuro.eu\/#organization"},"potentialAction":[{"@type":"SearchAction","target":{"@type":"EntryPoint","urlTemplate":"https:\/\/www.museuro.eu\/?s={search_term_string}"},"query-input":{"@type":"PropertyValueSpecification","valueRequired":true,"valueName":"search_term_string"}}],"inLanguage":"en-GB"},{"@type":"Organization","@id":"https:\/\/www.museuro.eu\/#organization","name":"Mus\u00e9e de L&#039;Europe","url":"https:\/\/www.museuro.eu\/","logo":{"@type":"ImageObject","inLanguage":"en-GB","@id":"https:\/\/www.museuro.eu\/#\/schema\/logo\/image\/","url":"https:\/\/www.museuro.eu\/wp-content\/uploads\/2020\/06\/LOGO-TEMPORA_BLANC_23.02.2016.png","contentUrl":"https:\/\/www.museuro.eu\/wp-content\/uploads\/2020\/06\/LOGO-TEMPORA_BLANC_23.02.2016.png","width":599,"height":188,"caption":"Mus\u00e9e de L&#039;Europe"},"image":{"@id":"https:\/\/www.museuro.eu\/#\/schema\/logo\/image\/"}}]}},"_links":{"self":[{"href":"https:\/\/www.museuro.eu\/en\/wp-json\/wp\/v2\/pages\/18","targetHints":{"allow":["GET"]}}],"collection":[{"href":"https:\/\/www.museuro.eu\/en\/wp-json\/wp\/v2\/pages"}],"about":[{"href":"https:\/\/www.museuro.eu\/en\/wp-json\/wp\/v2\/types\/page"}],"author":[{"embeddable":true,"href":"https:\/\/www.museuro.eu\/en\/wp-json\/wp\/v2\/users\/3"}],"replies":[{"embeddable":true,"href":"https:\/\/www.museuro.eu\/en\/wp-json\/wp\/v2\/comments?post=18"}],"version-history":[{"count":797,"href":"https:\/\/www.museuro.eu\/en\/wp-json\/wp\/v2\/pages\/18\/revisions"}],"predecessor-version":[{"id":4239,"href":"https:\/\/www.museuro.eu\/en\/wp-json\/wp\/v2\/pages\/18\/revisions\/4239"}],"wp:featuredmedia":[{"embeddable":true,"href":"https:\/\/www.museuro.eu\/en\/wp-json\/wp\/v2\/media\/2954"}],"wp:attachment":[{"href":"https:\/\/www.museuro.eu\/en\/wp-json\/wp\/v2\/media?parent=18"}],"curies":[{"name":"wp","href":"https:\/\/api.w.org\/{rel}","templated":true}]}}

<!-- This site is optimized with the Yoast SEO plugin v24.0 - https://yoast.com/wordpress/plugins/seo/ -->
<title>Musée de L&#039;Europe - Accueil</title>
<meta name="description" content="Fondé sur l’interdisciplinarité et l’européanité, le Musée de l’Europe retrace les différents héritages et voisinages d’une Europe maintenant unifiée, mais qui n’a cessé de vivre tout au long de son histoire des périodes d’intégration et de rupture." />
<meta name="robots" content="index, follow, max-snippet:-1, max-image-preview:large, max-video-preview:-1" />
<link rel="canonical" href="https://www.museuro.eu/en/" />
<meta property="og:locale" content="en_GB" />
<meta property="og:type" content="article" />
<meta property="og:title" content="Musée de L&#039;Europe - Accueil" />
<meta property="og:description" content="Fondé sur l’interdisciplinarité et l’européanité, le Musée de l’Europe retrace les différents héritages et voisinages d’une Europe maintenant unifiée, mais qui n’a cessé de vivre tout au long de son histoire des périodes d’intégration et de rupture." />
<meta property="og:url" content="https://www.museuro.eu/en/" />
<meta property="og:site_name" content="Musée de L&#039;Europe" />
<meta property="article:modified_time" content="2023-01-30T09:22:33+00:00" />
<meta property="og:image" content="https://www.museuro.eu/wp-content/uploads/2020/09/MUseeEurope_bleu2-1.png" />
	<meta property="og:image:width" content="110" />
	<meta property="og:image:height" content="85" />
	<meta property="og:image:type" content="image/png" />
<meta name="twitter:card" content="summary_large_image" />
<meta name="twitter:label1" content="Estimated reading time" />
	<meta name="twitter:data1" content="1 minute" />
<script type="application/ld+json" class="yoast-schema-graph">{"@context":"https://schema.org","@graph":[{"@type":"WebPage","@id":"https://www.museuro.eu/","url":"https://www.museuro.eu/","name":"Musée de L&#039;Europe - Accueil","isPartOf":{"@id":"https://www.museuro.eu/#website"},"primaryImageOfPage":{"@id":"https://www.museuro.eu/#primaryimage"},"image":{"@id":"https://www.museuro.eu/#primaryimage"},"thumbnailUrl":"https://www.museuro.eu/wp-content/uploads/2020/09/MUseeEurope_bleu2-1.png","datePublished":"2020-06-18T08:27:24+00:00","dateModified":"2023-01-30T09:22:33+00:00","description":"Fondé sur l’interdisciplinarité et l’européanité, le Musée de l’Europe retrace les différents héritages et voisinages d’une Europe maintenant unifiée, mais qui n’a cessé de vivre tout au long de son histoire des périodes d’intégration et de rupture.","breadcrumb":{"@id":"https://www.museuro.eu/#breadcrumb"},"inLanguage":"en-GB","potentialAction":[{"@type":"ReadAction","target":["https://www.museuro.eu/"]}]},{"@type":"ImageObject","inLanguage":"en-GB","@id":"https://www.museuro.eu/#primaryimage","url":"https://www.museuro.eu/wp-content/uploads/2020/09/MUseeEurope_bleu2-1.png","contentUrl":"https://www.museuro.eu/wp-content/uploads/2020/09/MUseeEurope_bleu2-1.png","width":110,"height":85},{"@type":"BreadcrumbList","@id":"https://www.museuro.eu/#breadcrumb","itemListElement":[{"@type":"ListItem","position":1,"name":"Accueil","item":"https://www.museuro.eu/"},{"@type":"ListItem","position":2,"name":"Accueil"}]},{"@type":"WebSite","@id":"https://www.museuro.eu/#website","url":"https://www.museuro.eu/","name":"Musée de L&#039;Europe","description":"Dans l&#039;attente d&#039;un nouveau projet","publisher":{"@id":"https://www.museuro.eu/#organization"},"potentialAction":[{"@type":"SearchAction","target":{"@type":"EntryPoint","urlTemplate":"https://www.museuro.eu/?s={search_term_string}"},"query-input":{"@type":"PropertyValueSpecification","valueRequired":true,"valueName":"search_term_string"}}],"inLanguage":"en-GB"},{"@type":"Organization","@id":"https://www.museuro.eu/#organization","name":"Musée de L&#039;Europe","url":"https://www.museuro.eu/","logo":{"@type":"ImageObject","inLanguage":"en-GB","@id":"https://www.museuro.eu/#/schema/logo/image/","url":"https://www.museuro.eu/wp-content/uploads/2020/06/LOGO-TEMPORA_BLANC_23.02.2016.png","contentUrl":"https://www.museuro.eu/wp-content/uploads/2020/06/LOGO-TEMPORA_BLANC_23.02.2016.png","width":599,"height":188,"caption":"Musée de L&#039;Europe"},"image":{"@id":"https://www.museuro.eu/#/schema/logo/image/"}}]}</script>
<!-- / Yoast SEO plugin. -->

Musée de L&#039;Europe - Accueil

Fondé sur l’interdisciplinarité et l’européanité, le Musée de l’Europe retrace les différents héritages et voisinages d’une Europe maintenant unifiée, mais qui n’a cessé de vivre tout au long de son histoire des périodes d’intégration et de rupture.

Musée de L&#039;Europe
